mmon divisor of 329787 and 59049?
9
What is the highest common factor of 126077 and 176043?
581
Calculate the greatest common factor of 65493 and 79622253.
3447
Calculate the greatest common factor of 205 and 82779.
41
Calculate the greatest common factor of 8268771 and 1806.
903
Calculate the highest common factor of 4837752 and 15768.
216
What is the highest common factor of 39864374 and 88?
22
What is the highest common factor of 26240 and 1037840?
80
Calculate the highest common factor of 9192 and 2800030272.
9192
What is the highest common divisor of 127507 and 19?
1
What is the greatest common factor of 1296470 and 49?
7
What is the highest common factor of 201157 and 1529?
11
Calculate the greatest common divisor of 744183585 and 43.
43
Calculate the greatest common divisor of 8374198 and 25186.
98
What is the highest common divisor of 66669295 and 2415?
805
Calculate the greatest common factor of 196700 and 1073450.
350
What is the highest common factor of 10720 and 10072780?
1340
What is the greatest common factor of 69733105 and 8060?
2015
Calculate the greatest common divisor of 4802 and 3782604.
686
Calculate the highest common factor of 57798 and 42186118.
6422
Calculate the highest common divisor of 4 and 8628586.
2
What is the highest common factor of 164334076 and 61164?
6796
Calculate the highest common factor of 380 and 3470578.
38
Calculate the highest common divisor of 4624 and 1596436.
1156
What is the greatest common divisor of 813934 and 8492?
22
Calculate the greatest common divisor of 8952 and 142536.
24
Calculate the greatest common factor of 709248 and 2424.
24
What is the greatest common factor of 4306 and 384984389?
2153
Calculate the highest common factor of 1145495 and 24869.
13
What is the greatest common factor of 5033 and 114082292?
719
Calculate the highest common divisor of 150639213 and 69.
69
What is the highest common divisor of 50 and 17408150?
50
Calculate the highest common divisor of 81333 and 249900161.
9037
Calculate the highest common factor of 32668098 and 309.
309
Calculate the highest common divisor of 12222 and 288584506.
1358
Calculate the greatest common factor of 11715 and 6633000.
165
What is the highest common factor of 371831814 and 72?
18
Calculate the greatest common divisor of 110656 and 156104.
1976
Calculate the greatest common divisor of 9936600 and 600.
600
Calculate the greatest common factor of 3685668 and 210511.
3451
Calculate the highest common divisor of 276156010 and 52.
26
What is the greatest common factor of 4464837 and 743535?
3627
What is the highest common divisor of 1267118 and 4?
2
What is the greatest common factor of 180 and 155455?
5
What is the greatest common factor of 95720560 and 1300?
260
Calculate the highest common factor of 242508592 and 80.
16
What is the greatest common factor of 10 and 399006430?
10
Calculate the highest common divisor of 3376564 and 124.
4
Calculate the highest common factor of 4980 and 726084.
996
What is the highest common factor of 3197 and 22499513?
139
Calculate the greatest common factor of 405416 and 150676.
1084
What is the highest common factor of 53520 and 1275042640?
17840
Calculate the highest common divisor of 256 and 129196.
4
Calculate the highest common divisor of 6421772 and 2128.
532
Calculate the greatest common divisor of 80648 and 7905.
17
What is the greatest common factor of 7785643 and 391?
17
Calculate the greatest common divisor of 70 and 2393384.
14
Calculate the highest common factor of 4864 and 2528672.
608
Calculate the highest common factor of 10336675 and 234475.
2825
What is the greatest common divisor of 1667315 and 11804?
2951
Calculate the highest common factor of 6236498 and 1187.
1187
Calculate the greatest common divisor of 8379 and 4557294.
441
What is the greatest common divisor of 5544 and 2448?
72
Calculate the highest common divisor of 2469460 and 5017040.
4340
Calculate the greatest common divisor of 469575 and 3729375.
225
Calculate the highest common factor of 356 and 226956.
4
Calculate the highest common factor of 15342021 and 368406.
1899
What is the highest common factor of 4126 and 576?
2
What is the greatest common factor of 98 and 4899265?
49
Calculate the greatest common factor of 48051 and 3122472.
843
Calculate the greatest common divisor of 1420 and 400782220.
1420
Calculate the greatest common factor of 54 and 9291159.
27
Calculate the highest common divisor of 155854725 and 1326.
663
Calculate the highest common factor of 9 and 55561257.
9
What is the greatest common divisor of 5426 and 936383811?
2713
What is the greatest common factor of 156 and 1764906?
78
Calculate the highest common factor of 4535092 and 16564.
164
What is the highest common divisor of 2324484 and 5580?
36
Calculate the highest common factor of 14852030 and 7710.
2570
Calculate the highest common factor of 3884 and 2084.
4
Calculate the greatest common divisor of 132497552 and 3296.
1648
What is the highest common factor of 1029 and 117887?
7
What is the highest common factor of 1800696 and 20?
4
What is the greatest common factor of 287583900 and 8025?
8025
Calculate the greatest common factor of 95940 and 588692.
52
Calculate the greatest common divisor of 852538 and 91274.
1942
Calculate the highest common divisor of 7546 and 2558850.
14
What is the highest common factor of 832030 and 245?
5
What is the highest common divisor of 6427876 and 1274?
182
What is the highest common divisor of 23518866 and 1330?
14
Calculate the greatest common factor of 984390 and 2145.
165
What is the greatest common factor of 948 and 360660?
12
Calculate the greatest common divisor of 289327751 and 145.
29
What is the greatest common factor of 983800 and 900?
100
Calculate the greatest common factor of 25868108 and 336.
28
What is the highest common factor of 181062 and 38934?
378
What is the greatest common divisor of 3690 and 793710?
90
What is the highest common divisor of 33695 and 468625?
115
Calculate the greatest common divisor of 35940 and 127380.
60
Calculate the greatest common factor of 13130 and 7232610.
1010
What is the highest common factor of 1654181 and 3081?
79
Calculate the highest common divisor of 2664 and 17019408.
888
Calculate the highest common factor of 154935898 and 26.
26
What is the highest common factor of 558 and 910727703?
279
Calculate the highest common divisor of 9772352 and 1032.
344
Calculate the greatest common factor of 1408 and 274032.
176
Calculate the highest common divisor of 58643 and 22816638.
4511
What is the greatest common divisor of 126792 and 3154538?
1174
Calculate the highest common factor of 9647976 and 48.
24
Calculate the greatest common divisor of 2818088844 and 4413.
4413
Calculate the highest common divisor of 102 and 508818.
6
Calculate the greatest common divisor of 27853 and 6845783.
1211
What is the greatest common factor of 401925 and 657759?
699
Calculate the greatest common factor of 41890 and 2563100.
710
Calculate the greatest common factor of 920788 and 85.
17
Calculate the greatest common factor of 417139 and 3058.
139
What is the highest common factor of 12728027 and 596?
149
What is the highest common factor of 28093426 and 2259?
251
What is the greatest common divisor of 68830081 and 7863?
2621
Calculate the greatest common factor of 27 and 107421669.
9
What is the greatest common factor of 60 and 30845370?
30
What is the greatest common divisor of 27 and 385698?
3
What is the highest common divisor of 192 and 955675848?
24
What is the highest common divisor of 96327 and 186417?
693
Calculate the highest common factor of 592274960 and 400.
80
What is the greatest common divisor of 111402390 and 330?
330
Calculate the greatest common factor of 419640 and 4628.
52
Calculate the highest common factor of 830 and 35905385.
415
Calculate the highest common factor of 2684502 and 369.
9
What is the highest common factor of 81 and 7933329?
27
Calculate the highest common factor of 4977 and 126039207.
1659
Calculate the highest common divisor of 415 and 473030280.
415
What is the greatest common factor of 34916205 and 15?
15
Calculate the highest common divisor of 2814 and 54035835.
1407
Calculate the greatest common divisor of 18 and 373042.
2
Calculate th